57*y - 10. Let t(k) = 72*k - 16. Let s(l) = -5*p(l) + 4*t(l). Determine s(-5).
-29
Let b(m) be the first derivative of -1/3*m**3 - 1/2*m**2 - 75 - 1/4*m**4 - 37*m. Give b(0).
-37
Let s = 6139 - 6134. Let p(z) = 36*z - 178. Determine p(s).
2
Let t(v) be the third derivative of -v**4/24 - 7*v**3/6 + v**2 - v. Let c be (-7)/(2/2) - (159 + -157). Give t(c).
2
Let b(w) = -w + 8. Let l be b(8). Suppose l = 11*u - 32 - 23. Let m(q) = q**2 - 3*q - 4. Determine m(u).
6
Let k be -10 + -12 + (-3703)/(-168). Let h(a) be the third derivative of 0*a - 7/3*a**3 + k*a**4 + 0 + a**2. Calculate h(7).
-7
Let g = 51 + -28. Suppose 14*t + 5*s - 15 = 12*t, 4*t + 3*s = g. Let c(d) = -d**3 + 6*d**2 - 3*d - 7. What is c(t)?
3
Let k(i) = 13*i - i**2 - 8 - 3*i - 5*i. Suppose 67*m = 71*m + 4*d - 28, -3*m + 9 = -3*d. What is k(m)?
-8
Let a(y) = 8*y - 2. Let x(i) = -9*i + 18. Let z(w) = -3*a(w) - x(w). Determine z(-9).
123
Let f(j) = -j - 20. Let c be f(-25). Let v(o) = 5*o**2 - 10 - 4*o**2 - 7*o + 1 + 6 + 0*o**2. What is v(c)?
-13
Let h(i) = -2*i**2 - 51*i - 26. Let b(y) = -y**2 - 22*y - 13. Let d(t) = -9*b(t) + 4*h(t). What is d(0)?
13
Suppose 4 = 2*k - 5*p, -4*p + 2*p + 6 = 3*k. Let c(w) = k*w + 0*w + 246 - 239 - w. What is c(7)?
14
Let q(j) = -2*j**3 - 5*j**2 + j + 9. Let g be q(0). Let c(m) = -m**3 + 10*m**2 - 14*m + 30. Give c(g).
-15
Suppose 11*h + 3*h - 84 = 0. Let c(j) = -h - 16 - 6 - 8*j + 33. Determine c(4).
-27
Let j(r) be the third derivative of r**4/24 + 7*r**3/2 - 35*r**2. Suppose 4*g + 35 + 65 = -6*g. Give j(g).
11
Let g(q) = 5*q + 12. Suppose 53 - 301 = -62*s. What is g(s)?
32
Let m(h) = 2*h**2 - 21*h + 26. Let t be m(10). Let r(q) = -63 - 8*q + 44 + t - q**2. What is r(-7)?
4
Suppose 7*h - 5*h - 3*h = 13. Let z(k) = -9*k - 45. Give z(h).
72
Let q(m) be the second derivative of -11*m**3/6 + m**2/2 + m. Let y = 79 - -98. Let i = y - 178. Determine q(i).
12
Let a be (-2 - -1 - (-24 - -23)) + 16 + -13. Let p(d) = 7*d + 11. Determine p(a).
32
Let b(a) = a - 9. Suppose -k - 7 = -1. Let y(j) be the second derivative of -j**2/2 - 4*j + 34. Let o(d) = k*y(d) + b(d). What is o(11)?
8
Let j(y) = -2*y - 1. Let d(u) be the second derivative of -u**3/6 - 65*u - 2. Let s(x) = -7*d(x) + 4*j(x). What is s(-5)?
1
Let n(q) = -69 + 3*q - 7*q + 65. Let b(s) = -s**2 + s + 1. Let k be b(-2). Calculate n(k).
16
Let h(o) = 2*o**2 + 19*o + 14. Let m(p) = -3*p**2 - 28*p - 21. Let t(x) = 7*h(x) + 5*m(x). Let u be ((-56)/(-16))/(460/40 - 12). Determine t(u).
-7
Let a(p) = 5*p**2 - 108*p + 69. Let n be a(21). Let o(v) = v - 1. Let b(d) = -10*d + 8. Let j be 3/2*2/3. Let m(f) = j*b(f) + n*o(f). Calculate m(3).
-10
Let s be (2 + -1 - 4) + 104. Let c = s - 118. Let p = c + 25. Let g(v) = -v**2 + 7*v - 1. What is g(p)?
-9
Let h(c) = -60 - 63*c - 5*c**2 + 140 - 23 + 9*c**2 - 6*c**2. Give h(-32).
25
Let j(t) = 5*t**2 - 2*t - 1. Let o = -180 + -16. Let i = o - -195. What is j(i)?
6
Suppose -146*c - 51 = -149*c. Let o(z) = -c + z + 71 - 59. Suppose 2*s - 20 = -2*s. Determine o(s).
0
Let o be (6/8)/((-1)/(-4)). Let p(r) = 9*r**2 + 14*r - 12. Let n(f) = -20*f**2 - 30*f + 26. Let q(v) = -5*n(v) - 11*p(v). Calculate q(o).
-1
Let p(a) = -7*a + 19. Suppose 0 = -18*r - 304*r + 1288. Calculate p(r).
-9
Let j(q) = q**3 + 16*q**2 - 6*q + 37. Let s(x) = 3*x**3 + 47*x**2 - 18*x + 103. Let o(y) = 11*j(y) - 4*s(y). Calculate o(-12).
-77
Let b(j) = -11*j + 9. Let h(m) be the first derivative of -5*m**2/2 + 5*m + 43. Let z(n) = 6*b(n) - 13*h(n). Determine z(0).
-11
Let j = -41 - -41. Suppose j = 2*z - 2, 0*i - i + 5 = -5*z. Let n be (-4)/10 - (0 - (-36)/i). Let h(s) = -2*s + 3. Calculate h(n).
11
Let o = -137 - -140. Suppose 5*t - 2 = h, o = 5*h - t + 13. Let u(m) = -5*m - 1. Let q(b) = -b. Let j(k) = 6*q(k) - u(k). Determine j(h).
3
Let k(m) be the first derivative of -3*m**2/2 + 4*m + 6528. Let n be 6 + 0/(-1 - -2). Let a be (-8)/((-4)/n*3). Give k(a).
-8
Suppose 0 = -4*r + 2*x + 54, 0 = -r - 2*x + 12 + 4. Let g(n) = n**3 - 16*n**2 + 20*n + 5. Calculate g(r).
-107
Let z(s) = 3*s. Let o be (-92)/(-20) + (-8)/(80/6). Suppose -g + 0*u + 17 = -o*u, -g + 2*u + 7 = 0. Determine z(g).
-9
Let s(m) = 2 - 2*m**2 + 0 - 2*m**2. Let n(o) = o**2 + 2*o + 2. Suppose -2*q - 4*z + 8*z = 12, 5*q - 5*z + 15 = 0. Let b be n(q). What is s(b)?
-14
Let q(c) = 9*c + 3. Let k be 24/8 - (-78)/1. Let a = 78 - k. What is q(a)?
-24
Let h(n) be the first derivative of n**5/60 - n**4/24 + n**3/6 + 45*n**2/2 - 34. Let w(l) be the second derivative of h(l). Determine w(2).
3
Let c(n) = -n + 9. Let l be 5/10*(10 + -13 + 3). Let q(j) = 2*j + 3. Let t be q(3). Suppose -t = 2*y + 5*u, 2*y + 2*y - 2*u + 30 = l. Give c(y).
16
Let u(k) = -6 - 5*k**3 + 381*k**2 - 36*k - 35 + 400*k**2 + 4*k**3 - 760*k**2. Give u(19).
-3
Let q be (30/(-165))/(1/22*-2). Suppose -3*p - 23*b - 66 = -18*b, 0 = 5*p + q*b + 91. Let o(i) = i**2 + 17*i - 6. Calculate o(p).
-6
Let f(w) = 3*w**2 - 57*w - 8. Let l be f(19). Let t be ((-2)/l)/((-11)/(-132)). Let q(o) = -o**3 + 6*o**2 - o + 4. Determine q(t).
28
Let t(v) = 688*v - 2755. Let p be t(4). Let m(u) = 2*u**2 - 15*u - 58. Calculate m(p).
5
Suppose 12*v = 56*v - 528. Let j be (-3)/v + (-200)/(-32). Let f(o) = -5*o - 6. Calculate f(j).
-36
Let g(x) = 0*x**2 + 14*x - 13*x**3 - x**2 - 25 - 16*x + 12*x**3 + 3*x**2. What is g(0)?
-25
Let t(x) = -24*x - 63. Suppose 376 = -109*v - 191 + 131. What is t(v)?
33
Let k(a) = -a**3 + 16*a**2 - a - 5. Let y = -17017 + 17033. What is k(y)?
-21
Let g(u) = -u. Let a(o) = -3*o + 3 + 5*o - o. Let k(n) = -a(n) - 2*g(n). Give k(2).
-1
Let o(l) = 5*l**2 - 2 - 3*l**3 + 2*l**3 + 0*l**3 - 3*l. Let v(b) = -b**2 + 1. Let f(p) = -5*p**2 + 4. Let a(w) = -f(w) + 4*v(w). Let j be a(2). Give o(j).
2
Let u(w) = w**3 + 2*w**2 + 17*w + 7. Let r(v) = v**3 + 18*v + 9. Let s(c) = 3*r(c) - 4*u(c). Determine s(-4).
-9
Let p(a) = -11*a - 189. Let h = -1041 + 1024. Give p(h).
-2
Let h(z) be the second derivative of 7*z**3/3 + 41*z**2/2 + 11*z - 137. What is h(-3)?
-1
Let y(m) = -13*m - 117. Let l(d) = d**3 + 6*d**2 + 11*d + 4. Let s be l(-4). Calculate y(s).
-13
Suppose -8*j = -13*j - 35. Let n = j + 10. Let t(p) = -2*p**3 - p - 1. Let k(x) = -x**3 - 4*x**2. Let m(o) = -k(o) + t(o). What is m(n)?
5
Let g(b) = -b**3 - 3*b**2 + 3*b - 1. Let z = 174 - 298. Let n = -70 - z. Let t be 72/n*(-6)/(-4). What is g(t)?
-15
Let y(j) = -j**2 - j + 5. Suppose -b - 32 = -79. Let h = b - 52. Give y(h).
-15
Let c(q) = -q**3 - 10*q**2 - 9*q - 2. Suppose 0 = -73*g + 69*g + 1856. Let p = -473 + g. What is c(p)?
-2
Let d(j) = -2*j**3 + j**2 + 8*j + 4. Suppose 414 = -169*f + 1090. Determine d(f).
-76
Let a(j) = -4*j**3 + 10*j**2 + 23. Let c(g) = 3*g**3 - 4*g**2 - 24. Let y(v) = -4*a(v) - 5*c(v). Give y(20).
28
Suppose -15*t + 17*t - 2*v = 92, -2*v = -6. Let i(q) = 19*q + 20*q - t*q + 18*q. Give i(-1).
-8
Let u = -320 - -1453. Let z(n) = 1144*n - 28 + 0*n**2 + n**2 - u*n. What is z(-13)?
-2
Suppose -2*h + 9*h = 42. Let c(i) = -49*i + 57*i - 4 + 4 - i**2 + h. Give c(9).
-3
Let v be -180 - 7/(7 - 6). Let w = 189 + v. Let b(i) = -6*i**2 + i. Determine b(w).
-22
Let u(a) be the first derivative of -a**4/4 + a**3/3 - a**2 + 3*a - 123. Determine u(2).
-5
Suppose -13 = -6*i + 35. Suppose -4*w + i = 16. Let s(l) = -2*l**3 - 3*l**2. Determine s(w).
4
Let j(z) = 5*z + 897 + 7*z**2 - 438 - z**3 - 462. Give j(7).
32
Let o be 16/(-28) + (-144)/(-56). Suppose o*b - 28 = 2*m, -4*m = -0*m + 3*b + 63. Let u(j) = j**3 + 14*j**2 - 15*j + 8. What is u(m)?
8
Let h(r) = -171 - 18*r + 465 - 150 - r**3 - 16*r**2 - 177. What is h(-15)?
12
Let u(r) = -5*r**2 + 9*r + 2. Let t be 23 - 110*7/35. Determine u(t).
6
Let s = 203 + -203. Let c(a) = -4955*a**3 - 7 + 7*a**2 + s*a**2 + 4954*a**3. What is c(7)?
-7
Let a(x) = 26 - 28*x - 160 + 2*x - 81. Give a(-8).
-7
Let h(u) = u**3 - 18*u**2 - 115*u + 2078. Let j be h(18). Let v(z) = -z**3 + 7*z**2 - 9*z + 136. What is v(j)?
0
Let s(g) be the second derivative of g**3/3 + g**2 + 1613*g. Determine s(8).
18
Suppose -5*d - 9*i + 5*i + 12 = 0, -3 = -2*d - i. Let w(j) be the first derivative of -j**2/2 + 18*j + 9. What is w(d)?
18
Let p be 14/(-21)*3*-1. Let o(c) = c**2 - 5*c + 4 + 3 + c**2 - c**2. Let q(r) = 2*r**2 - 9*r + 15. Let b(v) = p*q(v) - 5*o(v). Give b(4).
7
Suppose 16 = 3*u - 5*c, -c = -5*u + 4*c + 20. Let f b